{"id":1467,"date":"2024-07-02T11:22:15","date_gmt":"2024-07-02T16:22:15","guid":{"rendered":"https:\/\/providertic.com.co\/?page_id=1467"},"modified":"2024-07-02T11:23:44","modified_gmt":"2024-07-02T16:23:44","slug":"elementor-1467","status":"publish","type":"page","link":"https:\/\/providertic.com.co\/index.php\/elementor-1467\/","title":{"rendered":"Elementor #1467"},"content":{"rendered":"\t\t<div data-elementor-type=\"wp-page\" data-elementor-id=\"1467\" class=\"elementor elementor-1467\">\n\t\t\t\t<div class=\"elementor-element elementor-element-241dbb8c e-flex e-con-boxed e-con e-parent\" data-id=\"241dbb8c\" data-element_type=\"container\" data-e-type=\"container\">\n\t\t\t\t\t<div class=\"e-con-inner\">\n\t\t\t\t<div class=\"elementor-element elementor-element-4614077c elementor-widget elementor-widget-text-editor\" data-id=\"4614077c\" data-element_type=\"widget\" data-e-type=\"widget\" data-widget_type=\"text-editor.default\">\n\t\t\t\t<div class=\"elementor-widget-container\">\n\t\t\t\t\t\t\t\t\t\t\t\t\t\t\t\t\t<\/div>\n\t\t\t\t<\/div>\n\t\t\t\t\t<\/div>\n\t\t\t\t<\/div>\n\t\t<div class=\"elementor-element elementor-element-113cb88 e-flex e-con-boxed e-con e-parent\" data-id=\"113cb88\" data-element_type=\"container\" data-e-type=\"container\">\n\t\t\t\t\t<div class=\"e-con-inner\">\n\t\t\t\t<div class=\"elementor-element elementor-element-ca9375a elementor-widget elementor-widget-text-editor\" data-id=\"ca9375a\" data-element_type=\"widget\" data-e-type=\"widget\" data-widget_type=\"text-editor.default\">\n\t\t\t\t<div class=\"elementor-widget-container\">\n\t\t\t\t\t\t\t\t\t<h2><strong>Pol\u00edtica de Tratamiento de Datos Personales<\/strong><\/h2>\n<p>Yo, en calidad de titular de los datos personales suministrados a Solution Provider TIC y sus aliados, por medio del presente formulario autorizo de manera voluntaria, previa, expl\u00edcita e informada para que recolecte, almacene, use, circule, suprima y en general, realice cualquier actividad necesaria con mis datos personales, conforme a lo establecido en la Ley 1581 de 2012 y dem\u00e1s normativa que la regule, modifique o complemente.<\/p>\n<p>La informaci\u00f3n sobre clientes, proveedores, socios y empleados, actuales o pasados, ser\u00e1 tratada y custodiada con el fin de facilitar, promover, permitir o mantener relaciones de car\u00e1cter comercial, civil y laboral, respectivamente y, espec\u00edficamente.<\/p>\n<p>Mis datos personales ser\u00e1n utilizados para las siguientes finalidades:<\/p>\n<ul>\n<li>Para fines comerciales de nuestros servicios.<\/li>\n<li>Analizar la satisfacci\u00f3n de los usuarios<\/li>\n<li>Bridarles una experiencia personalizada con nuestros servicios.<\/li>\n<li>Brindar soluciones integrales.<\/li>\n<\/ul>\n<p>Entiendo que tengo derecho a conocer, actualizar, rectificar y suprimir mis datos personales, as\u00ed como a revocar esta autorizaci\u00f3n en cualquier momento, mediante solicitud enviada al correo electr\u00f3nico: contacto@providertic.com.co<\/p>\n<p>Declaro que la informaci\u00f3n suministrada es veraz, completa, exacta, actualizada y pertinente para las finalidades descritas. Asimismo, asumo la responsabilidad de informar a Solution Provider TIC cualquier cambio en mis datos personales.<\/p>\t\t\t\t\t\t\t\t<\/div>\n\t\t\t\t<\/div>\n\t\t\t\t\t<\/div>\n\t\t\t\t<\/div>\n\t\t\t\t<\/div>\n\t\t","protected":false},"excerpt":{"rendered":"<p>Pol\u00edtica de Tratamiento de Datos Personales Yo, en calidad de titular de los datos personales suministrados a Solution Provider TIC y sus aliados, por medio del presente formulario autorizo de manera voluntaria, previa, expl\u00edcita e informada para que recolecte, almacene, use, circule, suprima y en general, realice cualquier actividad necesaria con mis datos personales, conforme [&hellip;]<\/p>\n","protected":false},"author":1,"featured_media":0,"parent":0,"menu_order":0,"comment_status":"closed","ping_status":"closed","template":"","meta":{"footnotes":""},"class_list":["post-1467","page","type-page","status-publish","hentry"],"jetpack_sharing_enabled":true,"_links":{"self":[{"href":"https:\/\/providertic.com.co\/index.php\/wp-json\/wp\/v2\/pages\/1467","targetHints":{"allow":["GET"]}}],"collection":[{"href":"https:\/\/providertic.com.co\/index.php\/wp-json\/wp\/v2\/pages"}],"about":[{"href":"https:\/\/providertic.com.co\/index.php\/wp-json\/wp\/v2\/types\/page"}],"author":[{"embeddable":true,"href":"https:\/\/providertic.com.co\/index.php\/wp-json\/wp\/v2\/users\/1"}],"replies":[{"embeddable":true,"href":"https:\/\/providertic.com.co\/index.php\/wp-json\/wp\/v2\/comments?post=1467"}],"version-history":[{"count":4,"href":"https:\/\/providertic.com.co\/index.php\/wp-json\/wp\/v2\/pages\/1467\/revisions"}],"predecessor-version":[{"id":1471,"href":"https:\/\/providertic.com.co\/index.php\/wp-json\/wp\/v2\/pages\/1467\/revisions\/1471"}],"wp:attachment":[{"href":"https:\/\/providertic.com.co\/index.php\/wp-json\/wp\/v2\/media?parent=1467"}],"curies":[{"name":"wp","href":"https:\/\/api.w.org\/{rel}","templated":true}]}}